(g). What is u(-3)?
0
Let t = 39 + -37. Suppose 2*v + 18 = g - 0*g, 2*v + t*g = -24. Let y be (-9 - v)/((-1)/2). Let k(a) = 2*a**3 + 3*a**2 + a + 2. Determine k(y).
-4
Let m be (-7)/(-21) - 1 - 33/(-9). Let g(k) = k**2 + k - 3. Determine g(m).
9
Let y = -248 - -267. Let g(z) = -z + 25. Determine g(y).
6
Let g(k) = k**2 - 6*k - 5. Let c be g(7). Let x(y) = -y**2 + 1. Give x(c).
-3
Let q(h) = -5 - 6*h - 309*h**3 + 310*h**3 - 1 + 4*h**2. What is q(-5)?
-1
Let f(w) = w**2 + 2*w - 4. Let h be f(-4). Suppose h*t + 5 = -t. Let x be t - -4 - (4 - 5). Let l(q) = -q**2 + 3*q + 4. Determine l(x).
0
Let i(o) = o**2 - o - 2. Let n be i(-2). Let x(p) = -28*p + 16. Let c(g) = 40*g - 22. Let d(v) = -3*c(v) - 4*x(v). Determine d(n).
-30
Let k(n) = 7*n**2 - 1. Let y(q) = -q**2 - 4*q + 3. Let d be y(-4). Suppose -d*t = 2 - 8. Suppose 0 = t*m + 2. Calculate k(m).
6
Let t(b) = b**3 - 15*b**2 + b - 10. Let f(w) = w**3 + 4*w**2 + 6. Let g be f(-3). Give t(g).
5
Let j(f) = f + 4. Let t(d) = 8*d - 76. Let i be t(9). Determine j(i).
0
Let z(l) be the third derivative of -l**5/60 + l**4/4 - 2*l**3/3 - 76*l**2 - 4*l. Give z(5).
1
Let c(k) = 5. Let i(z) = z + 1. Let o(l) = c(l) - 2*i(l). Let a = -9 + 12. Let r be o(a). Let d(u) = -u + 1. Determine d(r).
4
Let r(z) = z**3 - 4*z**2 + 2*z - 5. Suppose -62*i + 208 = -10*i. Give r(i).
3
Let r(h) = 4*h**2 - 31*h + 6. Let j(b) = -b**2 + 9*b - 1. Let m(d) = -7*j(d) - 2*r(d). What is m(5)?
-35
Let m(w) = -34 - 9*w + 10 + 6*w. Calculate m(-10).
6
Let z = -29 + 31. Suppose 0 = z*a - a - 5. Let x(h) = h**3 - 1 + 3*h + 2*h - 3*h**2 - 3*h**2. Determine x(a).
-1
Suppose 7*p + 2254 = 2212. Let i(m) = 2*m + 6 + 0*m - 1. Calculate i(p).
-7
Let z(a) be the first derivative of -a**4/2 - a**3/3 - a**2/2 + 17*a + 54. Let g(h) be the first derivative of z(h). What is g(-2)?
-21
Let k(l) = -11*l**3 - 6*l**2 + 21*l + 12. Let i = 18 + -15. Let d(h) = -5*h**3 - 3 - 6 - i*h**2 + 15 + 10*h. Let j(f) = 9*d(f) - 4*k(f). Give j(-4).
-2
Let x be (-102)/(-12) + 2/(-4). Suppose -7*q + 2 = -x*q. Let p = q + 5. Let d(s) = s**3 - 3*s**2 + 3*s - 4. Determine d(p).
5
Suppose 4*v + 5 + 11 = 0. Let l(d) = -3*d - 2 - d - 4*d - d**2 + 3*d + 3. Calculate l(v).
5
Suppose 26 = -2*n + 130. Let p = 57 - n. Let a(q) = -q + 3. Give a(p).
-2
Suppose 0*q - 4*q + 8 = 0. Let r(k) = -2*k + 9 - 14 - q*k + 6*k. Suppose 2*s + 12 = 5*s. Determine r(s).
3
Let q(g) be the third derivative of -7*g + 0 - 1/3*g**4 + 7/6*g**3 + 1/60*g**5 - 4*g**2. What is q(5)?
-8
Let f be (-2)/(1/1 - (12 + -12)). Let j be -6 - (1 + f) - (-22)/11. Let h(o) = -o**3 - 3*o**2 - 3. Give h(j).
-3
Let w be ((-156)/273)/(2/(-14)). Let t(q) = -14*q + 3. Determine t(w).
-53
Let w be (30/(-45))/((-3)/18). Let c(l) = l**3 + l**2 + l. Let n(o) = 2*o**3 + 7*o**2 - o + 4. Let z(i) = -3*c(i) + n(i). Give z(w).
-12
Let n(q) = -q**2 + q + 12. Let o be ((-2)/(-10) + (-26)/130)/(-2). Give n(o).
12
Let v(w) = w**3 - 6*w**2 + w - 3. Let c be v(6). Suppose 0 = -0*k - 5*k + 10. Let t(h) = 4*h - 38 - k*h - 3*h + 42. What is t(c)?
1
Let h(f) = -2*f**3 - 55*f**2 - 21*f + 176. Let i be h(-27). Let v(l) = l - 18. Calculate v(i).
-4
Let n(c) = 5*c - 9. Let f(i) = -i + 1. Let x(k) = 6*f(k) + n(k). Let r(h) = -h**3 - 50*h**2 - 52*h - 151. Let p be r(-49). What is x(p)?
1
Let o(s) = 301*s + 5*s**3 + 4*s**3 + 2*s**2 - 306*s + 3 - 8*s**3. Calculate o(-4).
-9
Suppose f = -3*n + 21, -3*f + 43 = -2*n + 13. Let b = 6 - f. Let p(l) = l**3 + 5*l**2 - 4*l + 5. What is p(b)?
-7
Let z(r) = -r**3 - 4. Suppose 8*q + 0*q = -10*q. Determine z(q).
-4
Let h(a) = -7*a**2 + a + 1. Let m be h(1). Let o(f) = f**2 + 5*f. Let b be o(m). Let j(w) = w**3 + w**2 + w + 1. Give j(b).
1
Let o(t) = 1 - 3*t + 3*t**2 + 4*t**2 - t**3 - t**2 + 8. Determine o(6).
-9
Suppose 4*y = -0*y + 2*q - 24, 0 = -5*y - q - 16. Let n(b) = -2*b - 1468286 + b + 1468285. What is n(y)?
3
Let r(v) = -6*v + 41. Let s be r(6). Suppose 5*h - s*w + 15 = 10*h, 3*w - 1 = 5*h. Let f(m) = 10*m**3 + m**2 - 2*m + 1. Determine f(h).
10
Let j(n) = n**2 + 7*n - 5. Let c(v) = v. Let b(l) = 4*c(l) + j(l). Determine b(-11).
-5
Let h(u) = -u**3 - 4*u**2 - 2*u - 3. Let q = 612 + -616. Determine h(q).
5
Suppose 122 - 32 = 3*c. Let v = c - 20. Suppose 0 = 3*a - v + 28. Let r(d) = -d**3 - 5*d**2 + 5*d + 3. Calculate r(a).
9
Suppose 3 = -2*u + f + 1, 4*f + 28 = -4*u. Let c(o) = -1610*o**3 - 4 + 2*o + 1609*o**3 + 5 - 3*o**2. Calculate c(u).
-5
Let y(r) = 7*r**2 - 3*r + 3. Let h be y(0). Let k(s) be the second derivative of 1/6*s**h + 3*s**2 - 6*s + 0. Determine k(-6).
0
Let z(a) = -9*a - 1. Let q(c) = -14*c - 1. Let l(y) = -5*q(y) + 8*z(y). Let t(b) = -6 + 0*b - 5 + 3*b - 10. Let w be t(6). What is l(w)?
3
Let f(r) be the third derivative of -r**6/120 + 3*r**5/20 + 3*r**4/8 + 2*r**3/3 - 14*r**2 - 2. Give f(10).
-6
Let z(j) = -5*j**3 - 6*j**2 + 11*j + 2. Suppose 0 = 3*q + 5 - 8. Let v(m) = m**3 - m. Let s(i) = q*z(i) + 6*v(i). Calculate s(5).
2
Let z(d) be the second derivative of -d**4/12 + d**2/2 - 7*d. Let c(g) = 7*g**3 - 4*g**2 - g + 2. Let k(o) = -c(o) + 2*z(o). Suppose 3 = q - 4*q. What is k(q)?
8
Let z = -443 + 453. Let j(s) = -s**3 + 9*s**2 + 7*s + 12. Calculate j(z).
-18
Let i(z) be the second derivative of z**4/12 - z**3/2 - 2*z**2 + 2*z. Let f be (-6 + 1)*(-42)/42. Calculate i(f).
6
Let j(h) = 3*h**3 + 19*h**2 + 5*h - 12. Let g be j(-6). Let r(d) be the third derivative of -1/24*d**4 + 0 + 1/2*d**3 + d**2 + 0*d. Give r(g).
9
Let h(k) be the first derivative of k**2/2 + 15*k - 735. Calculate h(15).
30
Let c(q) = q**3 - 15*q**2 - 2*q + 34. Let u(m) = -13*m**3 - 50*m**2 + 2*m - 9. Let x be u(-4). Give c(x).
4
Suppose 13*g - 27*g = -0*g. Let l(o) be the first derivative of -1/4*o**4 + 2*o**3 + 2*o + 6 + g*o**2. Calculate l(6).
2
Let j(w) = w**3 - 10*w**2 + 9*w + 3. Let n = 38 + -34. Suppose 3*k - 39 = -4*y, -n*y + 5*k + 13 = -2*y. What is j(y)?
3
Let w(n) = 11*n**2 - 2*n + 2. Let u(t) = -2*t**2 - t. Let s(a) = 5*u(a) + w(a). What is s(2)?
-8
Suppose 0 = -5*k + 3*j + 66, 2*k - 2*j = j + 30. Let z(l) = 9*l + l**3 + 4*l**2 + 0*l**3 - 10 - k*l**2 + 0*l**3. Determine z(7).
4
Suppose 3*d + 15 = 3*v, d + 5 = -4*v + 2*v. Suppose 23*n - 26*n - 21 = v. Let c(f) = f + 1. Give c(n).
-6
Let d(v) = -21*v**2 + 15*v**2 - 12 + 1 + 5*v**2 + 2. Calculate d(0).
-9
Let o(b) = -b**3 - b**2 - 2*b + 1. Suppose 3 = 4*u - u. Suppose 4*d = 2*w + 14, -2*d - 5 = -13. Suppose -q - u - w = 0. What is o(q)?
9
Suppose 5*s = 4*a - 2 - 10, -s = 4*a - 12. Let k(m) be the second derivative of m**5/20 - m**3/6 - 3*m**2/2 - m. Calculate k(s).
-3
Let g(k) = -k**3 + 12*k**2 - 8*k - 36. Let j = -99 - -110. Let p be g(j). Let a(s) = s + 1. Give a(p).
-2
Suppose 71 = 5*i + m, -33 - 4 = -3*i - 2*m. Suppose -2*w + i = 3*w. Suppose 2 = -3*p + 5, -3*t + 6 = -w*p. Let l(a) = -a**2 + 2*a - 2. Give l(t).
-5
Let x(t) = 2*t + 4. Let z(c) = c**2 - 6*c - 11. Let p be (224/42)/((-5)/(-3) - 1). Let s be z(p). Calculate x(s).
14
Let v(t) be the third derivative of -7*t**4/24 - 2*t**2. Let b(u) = 15*u. Let d(f) = 6*b(f) + 13*v(f). What is d(2)?
-2
Let y(x) be the third derivative of x**6/120 - x**5/60 + x**4/24 - x**3 + 2*x**2. Let m be (-63)/6*8/(-12). Let p = -7 + m. Give y(p).
-6
Let y(g) = 7*g**2 - 2*g + 1. Suppose s = -3*m - 26, -2*m = 2*s + 2*m + 44. Let x be 4/14 + 4 + 46/s. What is y(x)?
6
Let x(s) be the first derivative of s**6/360 + s**5/30 + s**4/8 + 22*s**3/3 - 17. Let i(p) be the third derivative of x(p). Calculate i(-4).
3
Let j(i) = -i**3 + 2*i**2 + 24*i - 3*i**3 - 26*i + 1. Let p be (-4)/(-28)*(-63)/(-9). Give j(p).
-3
Suppose 0 = -8*f + 4*f. Let r be (-8 + f)*(-3)/6. Let c(g) = -16*g**2 + 1 + r*g**2 + 11*g**2 - 5*g. Determine c(-5).
1
Let x(p) = 70 + 2*p + 71 - 140. Let g(i) = i + 1. Let f(o) = -4*g(o) + 3*x(o). Calculate f(-4).
-9
Suppose -1 - 1 = -3*j + i, 4*j - 5*i = -12. Let n(d) = -16 + 8 - d**2 + 10. Determine n(j).
-2
Let n(d) = 2*d - 64*d**2 + 1 + 36*d**2 + 29*d**2. Determine n(0).
1
Let d(g) = -7*g**3 - 9*g**2 + 2*g. Let z(w) = -5*w**3 - 9*w**2 + 2*w + 1. Let p(b) = 2*d(b) - 3*z(b). Give p(-9).
15
Let n = 390 - 388. Let x(w) = 5*w. What is x(n)?
10
Let o(c) = -10*c - 8. Let w(a) = -a. Let t(v) = o(v) - 5*w(v). Determine t(-7).
27
Let j(g) = -g - 8. Let w be j(-13). Let u(f) = -4*f**3 + 2*f**2 - 9*f + 5. Let d(k) = k**3 + k - 1. L